se
Let z = 1017 - 638. Is z a prime number?
True
Let s(c) = 3*c - 3. Suppose -24 = f - 5*f. Let b be (2 - 0) + f/1. Is s(b) a prime number?
False
Suppose 9*q - 14*q = -3*l - 2815, 4*l = q - 563. Is q composite?
False
Suppose 5*c + 2*g = 21, -2*c - 3 = -c + 4*g. Let l(s) = 2*s**2 + 3*s + 2. Is l(c) prime?
True
Let p(w) = 154*w + 1. Is p(1) composite?
True
Let a(y) = y + 6. Let l be a(-6). Let r = 2 - l. Suppose r*t = -0*t + 44. Is t a composite number?
True
Suppose 0 = -5*w + 7940 - 1390. Suppose 0 = -5*u + 5*m + w, -3*u + m + 761 = 3*m. Is u composite?
False
Let j(q) = -q**3 + 25*q**2 + q + 19. Is j(12) a composite number?
True
Let m be (-30)/(-4)*(-348)/(-15). Let q = -121 + m. Is q a composite number?
False
Let p(r) = -r**3 - 10*r**2 - 2. Let a be p(-9). Let d = 198 + a. Is d a composite number?
True
Suppose -3*h - 165 = 2*h. Is (-2997)/h + (-4)/(-22) prime?
False
Let l = 8 - 2. Is ((-15)/l)/(-5)*266 a prime number?
False
Let i(d) = 437*d. Is i(1) composite?
True
Is 1*-13*(-4 - 15) a composite number?
True
Suppose 8*r = -10*r + 24426. Is r composite?
True
Suppose l = -5*j - 19 + 2, 13 = -l - 4*j. Suppose -2016 = 5*q - 3*s, l*s + 461 = -5*q - 1573. Is 1/(-2) - q/6 prime?
True
Let y(n) = n**3 - 2*n**2 - n - 1. Let m(k) = k. Let b(s) = 3*m(s) - y(s). Is b(-3) prime?
False
Let b(t) = -178*t - 15. Is b(-3) composite?
True
Is 1366 - (-8)/(32/12) prime?
False
Suppose -5*z = -10 - 5. Suppose -296 = -z*h + 997. Is h a prime number?
True
Let h = -437 - -1045. Suppose 0 = 4*d - h - 452. Suppose 5*i - 280 = z - 0*z, d = 5*i - 4*z. Is i composite?
True
Is (-1 - -1147)*2/(-20)*-5 a composite number?
True
Suppose 0 = -4*o + 3*o - 1. Let y = 5 + o. Suppose 6*u = y*u + 170. Is u a composite number?
True
Let o(v) = -45*v - 8. Is o(-3) composite?
False
Suppose 2*r - 5*p - 5721 - 1790 = 0, 0 = 2*r + 2*p - 7476. Is r a composite number?
True
Let v(n) be the third derivative of -7*n**4/8 - 5*n**3/6 - 7*n**2. Is v(-2) prime?
True
Suppose 3*q + 93 = -4*k, 4*q - 8*k + 155 = -3*k. Let c be (-10)/q + 2404/14. Suppose -5*m + c = -m. Is m a prime number?
True
Suppose -2*j + 40 = -4*j. Let l = j + 35. Is l prime?
False
Let v(h) = -h**2 - 3*h + 1. Let n be v(-5). Let f = 28 + n. Is f prime?
True
Let y be 16/((-5 + 3)/2). Let u = 175 + y. Is u composite?
True
Suppose 5*l = 389 - 3559. Suppose 37 = -5*u - 3. Is (-1)/4 + l/u composite?
False
Let r = 172 + -87. Is r prime?
False
Let a be (-2)/(-7) - (-1250)/(-14). Suppose 2*j + 26 = 2. Let z = j - a. Is z prime?
False
Is (4 - 1)/((-3)/(-127)) composite?
False
Suppose -5*c = -0*c - q, -2*c + 5*q = 23. Let h(l) = 886*l**2 + 3*l - 2. Is h(c) composite?
False
Let d(g) = 1119*g**2 + 4*g + 2. Is d(-1) a composite number?
False
Let w(q) be the first derivative of 1 + 1/2*q**2 - 1/3*q**3 - q + 3*q**4. Is w(1) composite?
False
Let j be (-262)/4*(-52)/2. Suppose 4*a + 5*n - j = -169, -n + 1526 = 4*a. Suppose -3*m - 150 = -a. Is m composite?
True
Suppose 4*y - h - 151 = 0, -y - h = -6*h - 52. Is y a composite number?
False
Suppose 10 = -2*q - 3*q. Let c(n) = -18*n**3 - 5*n**2 - 4*n - 5. Let t(f) = -f**3 - f**2 - f - 1. Let s(a) = c(a) - 6*t(a). Is s(q) composite?
False
Suppose 3*x - 7 - 2 = 0, 4*s + 3*x + 4343 = 0. Let j = -733 - s. Is j a prime number?
False
Let k be (-55)/(-22)*6/(-5). Is 87 + (k - -4 - 3) a prime number?
False
Suppose y = 4 + 10. Let p = 49 - y. Is p a prime number?
False
Let t(u) = 1 - 33*u + 0 + 0 + 0. Is t(-2) prime?
True
Let z = 351 + -223. Is z + 3 + 5 + -9 a composite number?
False
Let s(w) = w**2 - 6*w + 4*w - 9*w + 1 + 2*w**2. Is s(10) a prime number?
True
Let w = 8610 - 1541. Is w a composite number?
False
Suppose 2*j - 9 = 5*j, -5*z = -5*j - 175. Suppose 0 = 4*c - 348 - z. Is c a prime number?
False
Let g = 374 - 69. Is g a prime number?
False
Let t = 487 - 120. Is t a prime number?
True
Is (-2)/17 + 36528/102 composite?
True
Suppose -2*t = -3*t - 4. Let f be 6/t*78/(-9). Suppose -3*v - 5*g + 74 = 0, -5*g = 12 + f. Is v a composite number?
True
Let k = 1172 + -531. Suppose 2*j - 7*j + 2*p + k = 0, j = -p + 124. Suppose -2*z - 2*v = -0*z - 258, -z + j = 2*v. Is z a prime number?
True
Suppose -5*r - 42 = 8. Is 113/5 + (-4)/r prime?
True
Let r(w) = 18*w**2 + 6*w - 11. Is r(-5) prime?
True
Let b = 14 + -13. Is 1*(4 - (-105)/b) a prime number?
True
Let r = 1009 - 506. Is r a composite number?
False
Suppose -5*v - 436 = -2*h, -2*h - 5*v + 516 = 100. Let m = h - 151. Is m prime?
False
Suppose 3*o - o - s + 7 = 0, 5*s = -2*o - 1. Suppose -8*a + 3*a = 30. Is (o/2)/(a/88) composite?
True
Suppose 0*a = -7*a + 2317. Is a a composite number?
False
Let z = 138 - 98. Let m = 26 - z. Is (-192)/m + 6/21 a prime number?
False
Let g(h) = 12*h**2 - 2*h - 21. Is g(8) composite?
True
Suppose l = -l + 552. Let p = l - 153. Is p prime?
False
Let t = 14 + -3. Suppose -t = -4*z + 9. Suppose -z*q + q = -52. Is q prime?
True
Suppose 4*f = r + 2109, 2*f - 1579 = -f - 2*r. Is f a prime number?
False
Suppose -4*k - 4*f + 1032 = 0, -3*f = k + 4*k - 1288. Is k a prime number?
True
Let o(c) = 38*c**3 - 2*c**2 - 3*c + 3. Is o(2) a prime number?
True
Suppose 0 = -4*a + 8. Let b = a - -13. Is b a prime number?
False
Let j(z) = z**3 + 4*z**2 + 3*z. Let l be j(-2). Let x(u) = -10*u - 2 - l + 15*u**2 - u**3 - 3 - 2. Is x(8) a prime number?
True
Suppose -2*a = 3*a + 3*t - 70, 0 = a + 2*t - 21. Let x = a + -7. Suppose -x*k - 197 = -529. Is k prime?
True
Let d(x) = x**3 + 7*x**2 + 2*x - 5. Let u(h) = h - 14. Let t be u(8). Is d(t) prime?
True
Is (-14)/((-266)/262 - -1) prime?
False
Is 4/(-7) + (-109310)/(-70) a composite number?
True
Let k = 78 + 33. Suppose 0*s - k = -3*s. Is s a prime number?
True
Let i(b) = 13*b**3 - 2*b**2 - 4*b + 5. Is i(4) a prime number?
False
Suppose 0*n = -n + 5*x + 48, -3*x - 9 = 0. Is n composite?
True
Suppose -9*t + 14*t - 435 = -5*w, -w + 111 = -5*t. Is w a prime number?
False
Suppose -3*d = -5*d + 10, -b - 3*d - 9 = 0. Is (-986)/(-18) - b/108 composite?
True
Let l(w) = -w**2 - 5*w + 8. Let o be l(-6). Suppose 5*a = -2*u + 158, -232 = -3*u - 3*a - o*a. Is u prime?
False
Suppose -2*o = -o - 6. Suppose -2*j + o*j + 16 = 0, -h - 5*j + 143 = 0. Is h a composite number?
False
Is 1 + -1 - ((1 - 1043) + 0) a prime number?
False
Let j(y) be the first derivative of -1/2*y**2 - 2 + 12*y. Is j(-9) a composite number?
True
Suppose 3481 = 3*q - 2678. Is q a prime number?
True
Suppose 32 = 6*n - 2*n. Let c = n + 0. Suppose 0 = q - 27 - c. Is q a composite number?
True
Let g(s) = -11*s**3 + 6*s**2 + 2*s - 1. Let w be g(6). Let d = -768 - w. Is d prime?
True
Let f(k) = 54*k**2 + 1. Is f(1) a prime number?
False
Let y(l) = 23*l**2 - 40. Is y(-9) a composite number?
False
Suppose -5*n - 2*c + 352 = 0, -n + 3*c = -3*n + 143. Let h = -19 + n. Is h prime?
False
Let d = 0 + 2. Let r(l) = 4*l**d - 8 + 3*l - 1 - 3*l**2. Is r(-8) composite?
False
Let r(f) = 32*f + 12 - 2 + 1. Is r(10) a prime number?
True
Suppose -11 = -3*u + 34. Suppose -s = -u + 3. Suppose 0 = -y + 3*y - s. Is y a prime number?
False
Is 2/(-1) - 4/(8/(-110)) prime?
True
Let y be 15/5 + (0 - -1). Suppose u + y*v - 25 = -v, 5*u - 3*v - 181 = 0. Is u a prime number?
False
Suppose 4*f + 3 = -5, -x + f = -865. Is x a composite number?
False
Suppose 34 = 2*v - 84. Suppose 6*z = 5*z + v. Is z a prime number?
True
Suppose -12 = 4*g, 0 = 5*z - 3*g + 4*g - 832. Suppose -2*u = -z - 27. Is u composite?
False
Let d(r) = -r. Let k be d(3). Let b(v) = -2*v**3 - 3*v**2 - 4*v - 2. Is b(k) a composite number?
False
Let r(i) = i**3 + 13*i**2 + 13*i + 4. Is r(-9) prime?
True
Suppose -2*h = -3*h. Let x(j) = j**3 + j**2 + 8. Let p be x(h). Is 55/4 + 2/p a prime number?
False
Suppose 2*g - 479 = -2*g + y, 3*y = 5*g - 604. Is g prime?
False
Suppose 4*n + 370 = -818. Let w = -106 - n. Is w a composite number?
False
Suppose 4*p - 2*p = 4. Is (1*p)/(12/318) a prime number?
True
Suppose 4*y - 2*f - 6 = 0, -4*y + y - 15 = 5*f. Suppose -g - l + 67 = 0, 0*g - 2*g - 4*l + 138 = y. Is g a composite number?
True
Suppose -5*x + 0*x + 20 = 0. Suppose -4*g + z + 558 = 4*z, -x*g + 560 = 2*z. Is g a composite number?
True
Suppose 0*o + 105 = 3*o. Suppose 0 = -5*h + 4*h + 4. Suppose 2 = 4*f - 5*v - 67, -5*f = h*v - o. Is f a composite number?
False
Let m = -5 - -7. Let g = -1 - m. Is (-747)/(-6)*(-2)/g composi